at is -46a97a8 + 2?
-46a97a6
In base 3, what is -10 - 2000211102210112?
-2000211102210122
In base 16, what is 1 + 486b53?
486b54
In base 2, what is -100000111010011100100 + 1101?
-100000111010011010111
In base 13, what is 1127c - 10316?
c66
In base 10, what is 9534014 + -1?
9534013
In base 14, what is 3da8 + -387?
3a21
In base 7, what is 10326501 - -115?
10326616
In base 16, what is -308da6 + 5?
-308da1
In base 14, what is -36da1d - -16?
-36da07
In base 15, what is -2 + 76be5?
76be3
In base 6, what is 32 + -32140424?
-32140352
In base 16, what is -184e0 + 8f?
-18451
In base 6, what is 11554541 - -25?
11555010
In base 5, what is -311 - 3223234?
-3224100
In base 11, what is -19749 + 2071?
-17688
In base 8, what is -24 - -4131346?
4131322
In base 4, what is 2 + -11230000130002?
-11230000130000
In base 12, what is 10a61b0 - -5?
10a61b5
In base 10, what is 70894687 - 8?
70894679
In base 5, what is 40210440 - 132?
40210303
In base 16, what is 0 + -95d74?
-95d74
In base 10, what is 852217 - 7?
852210
In base 11, what is -5 - 10012400?
-10012405
In base 16, what is bcf - e9e?
-2cf
In base 6, what is -100453343504 - -5?
-100453343455
In base 15, what is 4ae51 - -c0?
4b021
In base 14, what is dab4 - 44a?
d668
In base 2, what is 10101111 - -1110010011101111?
1110010110011110
In base 5, what is -111421033 + -31?
-111421114
In base 13, what is 2a64a - b2c?
2981b
In base 13, what is 1a4c369 - -7?
1a4c373
In base 11, what is -2a658 - 98?
-2a745
In base 14, what is 1354 + 2491?
3805
In base 12, what is -4 + a1260aa?
a1260a6
In base 14, what is -4b3658 + 5?
-4b3653
In base 2, what is -110000011010110000010 + -1001?
-110000011010110001011
In base 15, what is 53e - -2b4d?
318c
In base 7, what is -304 + 1240163?
1236556
In base 2, what is -1 + -110111001000010011?
-110111001000010100
In base 16, what is -5 + -4c9a43?
-4c9a48
In base 14, what is -31 + a620?
a5cd
In base 3, what is 1001102211122001 + -10?
1001102211121221
In base 14, what is -7da - 54865?
-55261
In base 16, what is 1432 + 2f67?
4399
In base 11, what is -3 - -41727805?
41727802
In base 2, what is -111 + 1000111111111101011?
1000111111111100100
In base 3, what is -110122022202101 + -11110?
-110122022220211
In base 14, what is 2ca24 - -2c?
2ca52
In base 8, what is -30 + -31534?
-31564
In base 14, what is 1344 - 3cc6?
-2982
In base 7, what is -4023065 + -1?
-4023066
In base 5, what is -3122 - 22142302?
-22200424
In base 16, what is 23 - 24491?
-2446e
In base 8, what is 5501463 - -421?
5502104
In base 15, what is 2 - 659083?
-659081
In base 13, what is -3a36 + -448?
-4181
In base 10, what is 61 + -2640816?
-2640755
In base 5, what is -2032124 - -420?
-2031204
In base 13, what is 63c - -127c2?
13131
In base 12, what is 12 - 56806?
-567b4
In base 6, what is 35255 + 2301?
42000
In base 11, what is 2 + -12768859?
-12768857
In base 15, what is c0aa - -281?
c33b
In base 9, what is -5 - 288268733?
-288268738
In base 10, what is 0 - 20221088?
-20221088
In base 11, what is 11 - 178a4a00?
-178a499a
In base 16, what is -c91 - -7ddd?
714c
In base 10, what is 33534 - -196?
33730
In base 16, what is -f - -552e50?
552e41
In base 10, what is -955619 + 0?
-955619
In base 10, what is 219257 + 10?
219267
In base 16, what is 18a2e - -151b?
19f49
In base 14, what is -7 - 5ad9b?
-5ada4
In base 2, what is -1110 - -110011100111000100?
110011100110110110
In base 3, what is 12212 + 110021222100?
110022012012
In base 14, what is 8c729 + 984?
8d2ad
In base 12, what is 1 + -565233a?
-5652339
In base 5, what is -101 - 113424213411?
-113424214012
In base 5, what is 1421213 + -2412?
1413301
In base 16, what is 2d36 - 3c8b?
-f55
In base 14, what is 1431 - 8501?
-70b0
In base 9, what is 767482 - -41?
767533
In base 11, what is -4a010480 - -1?
-4a01047a
In base 7, what is -42 + -41456234?
-41456306
In base 16, what is 1 + 7fb837?
7fb838
In base 5, what is -20440141 + -133?
-20440324
In base 14, what is -ac - 2d626?
-2d6d4
In base 3, what is -2002022222011 + 100101?
-2002022121210
In base 2, what is 10100101101010011111010010 - 1010?
10100101101010011111001000
In base 3, what is 112100 + -12100122101?
-12100010001
In base 10, what is 22208922 + 2?
22208924
In base 5, what is 42241204 - -1010?
42242214
In base 4, what is 202123031003 - -1101?
202123032110
In base 2, what is 101001101100001000 + 10001001000?
101001111101010000
In base 7, what is 113 - 4535331?
-4535215
In base 7, what is 635 - 650633?
-646665
In base 2, what is 101011011 + 10111010010011010101?
10111010011000110000
In base 5, what is 203300 + -13023412?
-12320112
In base 9, what is 72003 + 1277?
73281
In base 5, what is -3 + -13123302002?
-13123302010
In base 11, what is -283 + -14492?
-14765
In base 8, what is -606 - -2547533?
2546725
In base 4, what is -20231312 - -2310312?
-11321000
In base 11, what is -1412729 + -11?
-141273a
In base 2, what is 101 + 101111101111001100010?
101111101111001100111
In base 3, what is 10002 - 21102120110?
-21102110101
In base 9, what is -263 + -7466814?
-7467177
In base 14, what is -31 - 10d8384?
-10d83b5
In base 9, what is 807 - 7002?
-6084
In base 16, what is -230 - 44cc9?
-44ef9
In base 2, what is 1001000001010111 + -1011?
1001000001001100
In base 2, what is -11 + 100101000000110010010011?
100101000000110010010000
In base 10, what is -15133600 + -12?
-15133612
In base 16, what is -20020bb - -1?
-20020ba
In base 14, what is 57974 - 155?
5781d
In base 2, what is 111001001 + 100100100100100?
100101011101101
In base 4, what is 1111100322 + 112?
1111101100
In base 10, what is -2973 + 2173?
-800
In base 9, what is 8 - -60607?
60616
In base 4, what is 213331112211 + 12?
213331112223
In base 11, what is 3342059 - 1?
3342058
In base 6, what is 105 - -10130212?
10130321
In base 12, what is 1608b - -682?
16751
In base 12, what is 135 - 10625?
-104b0
In base 2, what is -11111110101100111010000 + 1111111?
-11111110101100101010001
In base 8, what is 0 + 53200575?
53200575
In base 16, what is 219 + d96?
faf
In base 4, what is 33 - 221113033230?
-221113033131
In base 4, what is 30213 + -22003201?
-21312322
In base 9, what is 1725787 + 27?
1725825
In base 9, what is 11 - 2425638?
-2425627
In base 11, what is 2 - 7732?
-7730
In base 15, what is -66c7c + -10?
-66c8c
In base 2, what is -101 + -100111000100101011110?
-100111000100101100011
In base 9, what is -10177048 + 15?
-10177033
In base 5, what is 40304 - -321241?
412100
In base 9, what is 3426 + -28483?
-25056
In base 14, what is d88a - c30?
ca5a
In base 11, what is -1651a + 1395?
-15135
In base 6, what is -5 + 1104303142?
1104303133
In base 13, what is 395021 - -8?
395029
In base 9, what is -4724 - 58265?
-64100
In base 2, what is -1000101101000010100 - 10100110?
-1000101101010111010
In base 15, what is -353d + 5d0?
-2e5d
In base 2, what is 101011 + -1011011000101111011110?
-1011011000101110110011
In base 16, what is -2573 + 3220?
cad
In base 2, what is 1110011000011101100000 - -1?
1110011000011101100001
In base 12, what is -601b + 215?
-5a06
In base 7, what is -3016 + 40136?
34120
In base 15, what is 1 - -3c90e7?
3c90e8
In base 14, what is 0 + 2c948b?
2c948b
In base 11, what is 4 + 4048360?
4048364
In base 10, what is 694608 + -2?
694606
In base 15, what is -126bc0 - 16?
-126bd6
In base 16, what is 107 - e1acb?
-e19c4
In base 8, what is -2263 - -10651?
6366
In base 3, what is 2102220020102221 - -12?
2102220020110010
In base 11, what is -40 + -2195563?
-21955a3
In base 13, what is -a0c0697 - -c?
-a0c0688
In base 6, what is 20331531 + -1314?
20330213
In base 4, what is -33 + 120230322?
120230223
In base 12, what is -267b6984 + -1?
-267b6985
In base 15, what is 1731 + -14b4d?
-1341c
In base 15, what is -61e49c - 0?
-61e49c
In base 3, what is -110111 - 1010001200?
-1010112011
In base 14, what is -34 - -284993?
28495d
In base 4, what is 10011312312012 + -1?
10011312312011
In base 15, what is -1a46 + -6e2?
-2238
In base 6, what is 54451020115 + -3?
54451020112
In base 12, what is -6628589 + 0?
-6628589
In base 12, what is 1121 - -5a12?
6b33
In base 8, what is -5264 + 71221?
63735
In base 11, what is -16a28 + -61?
-16a89
In base 3, what is -20221102211 - -1020012?
-20220012122
In base 11, what is 796356 - -7a?
796425
In base 7, what is -2 + -35465561?
-35465563
In base 7, what is 21265212 - -32?
2126524